der when 800 is divided by 62?
56
What is the remainder when 278 is divided by 35?
33
Calculate the remainder when 244 is divided by 12.
4
What is the remainder when 626 is divided by 168?
122
What is the remainder when 18936 is divided by 20?
16
What is the remainder when 206 is divided by 69?
68
Calculate the remainder when 58 is divided by 44.
14
What is the remainder when 234 is divided by 2?
0
What is the remainder when 76 is divided by 22?
10
What is the remainder when 133 is divided by 16?
5
Calculate the remainder when 167 is divided by 31.
12
Calculate the remainder when 2361 is divided by 169.
164
Calculate the remainder when 168 is divided by 121.
47
What is the remainder when 63 is divided by 34?
29
What is the remainder when 73 is divided by 26?
21
Calculate the remainder when 3021 is divided by 27.
24
What is the remainder when 82 is divided by 44?
38
Calculate the remainder when 301 is divided by 79.
64
Calculate the remainder when 29644 is divided by 183.
181
What is the remainder when 427 is divided by 3?
1
What is the remainder when 65 is divided by 1?
0
Calculate the remainder when 276 is divided by 38.
10
Calculate the remainder when 5125 is divided by 233.
232
What is the remainder when 159 is divided by 23?
21
What is the remainder when 652 is divided by 87?
43
Calculate the remainder when 906 is divided by 13.
9
What is the remainder when 60 is divided by 38?
22
What is the remainder when 1134 is divided by 324?
162
What is the remainder when 4249 is divided by 34?
33
Calculate the remainder when 71 is divided by 26.
19
What is the remainder when 132 is divided by 74?
58
Calculate the remainder when 78 is divided by 15.
3
What is the remainder when 274 is divided by 11?
10
What is the remainder when 4900 is divided by 57?
55
Calculate the remainder when 419 is divided by 84.
83
What is the remainder when 2351 is divided by 49?
48
Calculate the remainder when 1725 is divided by 86.
5
Calculate the remainder when 619 is divided by 47.
8
Calculate the remainder when 225 is divided by 57.
54
Calculate the remainder when 15008 is divided by 54.
50
What is the remainder when 132 is divided by 44?
0
Calculate the remainder when 1058 is divided by 106.
104
Calculate the remainder when 254 is divided by 42.
2
What is the remainder when 648 is divided by 73?
64
What is the remainder when 651 is divided by 88?
35
What is the remainder when 1290 is divided by 70?
30
What is the remainder when 3637 is divided by 1203?
28
What is the remainder when 1741 is divided by 26?
25
Calculate the remainder when 2755 is divided by 14.
11
What is the remainder when 40 is divided by 27?
13
What is the remainder when 489 is divided by 38?
33
Calculate the remainder when 826 is divided by 165.
1
Calculate the remainder when 195 is divided by 56.
27
What is the remainder when 7655 is divided by 116?
115
What is the remainder when 252 is divided by 64?
60
What is the remainder when 404 is divided by 126?
26
Calculate the remainder when 115 is divided by 78.
37
What is the remainder when 1841 is divided by 914?
13
What is the remainder when 517 is divided by 90?
67
What is the remainder when 398 is divided by 101?
95
What is the remainder when 344 is divided by 23?
22
What is the remainder when 135 is divided by 121?
14
Calculate the remainder when 1271 is divided by 1209.
62
Calculate the remainder when 143 is divided by 37.
32
What is the remainder when 800 is divided by 65?
20
Calculate the remainder when 1363 is divided by 13.
11
What is the remainder when 214 is divided by 54?
52
Calculate the remainder when 531 is divided by 38.
37
What is the remainder when 5792 is divided by 1926?
14
Calculate the remainder when 697 is divided by 363.
334
What is the remainder when 322 is divided by 34?
16
Calculate the remainder when 1644 is divided by 236.
228
What is the remainder when 75 is divided by 43?
32
Calculate the remainder when 8534 is divided by 194.
192
What is the remainder when 502 is divided by 249?
4
What is the remainder when 380 is divided by 36?
20
Calculate the remainder when 181 is divided by 49.
34
Calculate the remainder when 69 is divided by 8.
5
What is the remainder when 189 is divided by 13?
7
What is the remainder when 14 is divided by 3?
2
Calculate the remainder when 499 is divided by 3.
1
What is the remainder when 12448 is divided by 75?
73
What is the remainder when 4717 is divided by 20?
17
What is the remainder when 2321 is divided by 28?
25
Calculate the remainder when 1076 is divided by 286.
218
Calculate the remainder when 136 is divided by 93.
43
What is the remainder when 19 is divided by 6?
1
What is the remainder when 2901 is divided by 963?
12
What is the remainder when 284 is divided by 75?
59
Calculate the remainder when 31 is divided by 19.
12
What is the remainder when 348 is divided by 72?
60
Calculate the remainder when 558 is divided by 41.
25
Calculate the remainder when 62 is divided by 31.
0
Calculate the remainder when 214 is divided by 54.
52
What is the remainder when 43 is divided by 15?
13
What is the remainder when 418 is divided by 51?
10
Calculate the remainder when 534 is divided by 8.
6
What is the remainder when 966 is divided by 326?
314
What is the remainder when 3026 is divided by 7?
2
Calculate the remainder when 380 is divided by 369.
11
What is the remainder when 2401 is divided by 600?
1
What is the remainder when 129 is divided by 80?
49
Calculate the remainder when 181 is divided by 61.
59
What is the remainder when 208 is divided by 30?
28
Calculate the remainder when 971 is divided by 27.
26
Calculate the remainder when 556 is divided by 145.
121
What is the remainder when 331 is divided by 83?
82
Calculate the remainder when 292 is divided by 152.
140
Calculate the remainder when 1799 is divided by 34.
31
What is the remainder when 1062 is divided by 250?
62
What is the remainder when 1159 is divided by 29?
28
What is the remainder when 2307 is divided by 17?
12
What is the remainder when 668 is divided by 56?
52
Calculate the remainder when 17 is divided by 11.
6
What is the remainder when 76 is divided by 20?
16
Calculate the remainder when 423 is divided by 71.
68
What is the remainder when 288 is divided by 29?
27
What is the remainder when 3742 is divided by 39?
37
Calculate the remainder when 301 is divided by 96.
13
Calculate the remainder when 354 is divided by 26.
16
What is the remainder when 1232 is divided by 30?
2
What is the remainder when 405 is divided by 19?
6
What is the remainder when 344 is divided by 70?
64
Calculate the remainder when 1231 is divided by 17.
7
Calculate the remainder when 869 is divided by 24.
5
Calculate the remainder when 1004 is divided by 128.
108
What is the remainder when 43 is divided by 27?
16
Calculate the remainder when 474 is divided by 28.
26
What is the remainder when 669 is divided by 131?
14
Calculate the remainder when 70 is divided by 11.
4
Calculate the remainder when 51 is divided by 19.
13
What is the remainder when 117 is divided by 28?
5
Calculate the remainder when 40 is divided by 30.
10
What is the remainder when 340 is divided by 57?
55
Calculate the remainder when 388 is divided by 64.
4
Calculate the remainder when 1513 is divided by 31.
25
What is the remainder when 161 is divided by 11?
7
Calculate the remainder when 839 is divided by 50.
39
Calculate the remainder when 509 is divided by 51.
50
Calculate the remainder when 437 is divided by 6.
5
Calculate the remainder when 42223 is divided by 75.
73
Calculate the remainder when 560 is divided by 9.
2
What is the remainder when 5223 is divided by 523?
516
What is the remainder when 1519 is divided by 76?
75
Calculate the remainder when 513 is divided by 14.
9
What is the remainder when 219 is divided by 6?
3
Calculate the remainder when 995 is divided by 23.
6
What is the remainder when 6729 is divided by 66?
63
Calculate the remainder when 543 is divided by 34.
33
What is the remainder when 401 is divided by 186?
29
Calculate the remainder when 1328 is divided by 150.
128
What is the remainder when 729 is divided by 11?
3
What is the remainder when 230 is divided by 69?
23
What is the remainder when 1389 is divided by 29?
26
Calculate the remainder when 66 is 